2
What is the greatest common divisor of 851111 and 629?
37
Calculate the highest common factor of 9600034 and 34074.
1262
What is the greatest common divisor of 6 and 21583332?
6
Calculate the highest common factor of 716300 and 3025.
25
Calculate the highest common divisor of 166426 and 715874.
346
What is the highest common factor of 11000 and 5432075?
275
Calculate the greatest common divisor of 96717270 and 858.
78
What is the greatest common factor of 39264 and 859008?
96
What is the highest common divisor of 211960 and 3148363?
757
What is the greatest common divisor of 8215941 and 3?
3
What is the highest common factor of 15228 and 5622516?
1692
Calculate the highest common divisor of 948 and 27226876.
316
Calculate the greatest common divisor of 39900 and 22400.
700
Calculate the greatest common divisor of 33823 and 165710.
227
Calculate the greatest common factor of 594 and 24898401.
297
Calculate the highest common factor of 1644625 and 1652.
59
Calculate the greatest common factor of 13167 and 768208.
133
Calculate the highest common factor of 421605 and 6498.
9
Calculate the greatest common divisor of 2686 and 428101.
79
Calculate the highest common divisor of 111172250 and 840.
70
Calculate the greatest common divisor of 10975491 and 1585.
317
Calculate the highest common factor of 8585985 and 45.
15
Calculate the greatest common divisor of 50630892 and 195.
39
What is the highest common divisor of 428656 and 903554?
734
Calculate the highest common divisor of 123026 and 12546856.
898
Calculate the highest common factor of 182545546 and 1798.
1798
Calculate the highest common divisor of 42448463 and 45443.
1567
Calculate the highest common divisor of 1275 and 23228358.
51
What is the greatest common divisor of 143520 and 58656?
1248
Calculate the greatest common divisor of 18 and 2059436.
2
What is the highest common divisor of 32 and 15576448?
32
Calculate the highest common factor of 4525935 and 9540.
795
Calculate the greatest common divisor of 528815 and 266752.
521
Calculate the greatest common factor of 19811559 and 424.
53
Calculate the highest common divisor of 7670918 and 9970.
1994
Calculate the highest common factor of 27927598 and 1858.
1858
Calculate the highest common divisor of 438554380 and 1570.
1570
What is the greatest common divisor of 1025789275 and 147?
49
Calculate the greatest common divisor of 85 and 1510045.
5
What is the highest common factor of 336622 and 642?
214
What is the greatest common factor of 2489 and 66679?
131
What is the highest common factor of 209 and 116097201?
209
What is the greatest common divisor of 4755 and 44522967?
951
Calculate the greatest common factor of 394335 and 368943.
69
Calculate the greatest common factor of 322797181 and 1256.
157
Calculate the greatest common divisor of 2118703 and 19.
1
Calculate the highest common divisor of 95736245 and 314.
157
Calculate the greatest common factor of 6334 and 26948003.
3167
Calculate the highest common factor of 16883358 and 1542.
1542
What is the greatest common factor of 284114895 and 60?
15
What is the highest common factor of 82400190 and 170?
170
Calculate the greatest common factor of 134865 and 97633269.
8991
Calculate the greatest common divisor of 1071129759 and 4073.
4073
What is the greatest common divisor of 1313568972 and 94?
94
Calculate the greatest common factor of 77 and 1372819.
7
What is the highest common divisor of 14377294 and 39254?
2066
What is the greatest common factor of 391122 and 47180902?
14486
What is the greatest common divisor of 1192587516 and 12?
12
What is the highest common factor of 2346722 and 14?
14
Calculate the highest common factor of 28800 and 2014104.
24
What is the highest common divisor of 121912904 and 8?
8
What is the highest common factor of 533376 and 17131?
463
What is the greatest common divisor of 6984732 and 552?
276
Calculate the highest common factor of 378233 and 640186.
323
What is the greatest common divisor of 60 and 4930713?
3
Calculate the greatest common divisor of 40262268 and 564.
564
Calculate the greatest common divisor of 4572 and 2519820.
36
What is the highest common divisor of 1407 and 2602446?
21
What is the greatest common divisor of 162809 and 309604?
2669
Calculate the highest common factor of 157840 and 13808.
16
What is the highest common divisor of 36346 and 2390284?
2138
Calculate the highest common factor of 7820 and 49338590.
170
What is the highest common divisor of 380 and 353621540?
380
Calculate the greatest common divisor of 3234730 and 4540.
10
Calculate the greatest common divisor of 117790816 and 5148.
572
Calculate the highest common divisor of 2043 and 58696752.
681
Calculate the greatest common factor of 325156 and 20956.
676
Calculate the highest common factor of 317 and 34082255.
317
Calculate the highest common factor of 413190 and 600.
30
What is the greatest common divisor of 47644 and 372850033?
11911
What is the highest common divisor of 3626 and 107263?
37
What is the highest common factor of 3170 and 9997546?
634
What is the greatest common divisor of 214064 and 4931342?
1574
Calculate the highest common factor of 788 and 2674886488.
788
What is the highest common factor of 326 and 751919?
163
Calculate the highest common divisor of 23248 and 15248.
16
What is the highest common factor of 23048 and 2256560?
536
What is the highest common divisor of 4433687 and 1081?
23
Calculate the highest common factor of 4405320 and 17280.
1080
What is the highest common divisor of 60430315 and 7130?
3565
What is the greatest common divisor of 109224 and 153624?
888
Calculate the greatest common divisor of 220661 and 331789.
29
Calculate the greatest common divisor of 130378 and 68837.
19
Calculate the highest common factor of 81904 and 11952.
16
Calculate the greatest common factor of 7323166170 and 30.
30
What is the greatest common divisor of 273525 and 18225?
75
What is the highest common factor of 4208424 and 5873?
839
What is the highest common factor of 112354 and 230912?
22
What is the greatest common factor of 11 and 16041773?
11
What is the greatest common divisor of 1147932 and 60?
12
Calculate the greatest common divisor of 50770605 and 3660.
915
What is the greatest common factor of 239304 and 10178208?
1416
Calculate the greatest common divisor of 8110 and 1115558074.
1622
What is the greatest common factor of 17775 and 419344245?
3555
What is the highest common divisor of 3071021613 and 957?
957
Calculate the highest common factor of 536864 and 6764.
76
What is the greatest common factor of 7115693 and 39?
13
Calculate the highest common divisor of 674 and 14539865.
337
Calculate the greatest common factor of 884007 and 251767.
1129
What is the greatest common divisor of 1686 and 380236836?
1686
Calculate the greatest common divisor of 6720 and 54528.
192
Calculate the greatest common factor of 594146 and 259222.
2294
What is the greatest common divisor of 2342 and 191931584?
2342
What is the highest common divisor of 2021 and 152058019?
2021
What is the greatest common divisor of 797350890 and 420?
210
Calculate the highest common divisor of 444 and 34735896.
444
Calculate the greatest common factor of 1958 and 744986.
22
What is the highest common divisor of 243 and 2479302?
27
Calculate the greatest common divisor of 15900273 and 162295.
4637
Calculate the greatest common factor of 12088 and 5680.
8
Calculate the greatest common divisor of 926784 and 512.
64
Calculate the greatest common divisor of 5184 and 4985580.
12
What is the highest common divisor of 56 and 196195454?
14
What is the greatest common factor of 52489240 and 22360?
1720
Calculate the greatest common divisor of 356 and 4611268.
356
What is the greatest common factor of 5253 and 394593?
309
Calculate the greatest common factor of 815421814 and 524.
262
What is the greatest common factor of 848895 and 3570?
255
What is the greatest common divisor of 198629 and 53111?
307
What is the highest common factor of 47768890 and 520?
130
What is the greatest common divisor of 7560790 and 920?
230
Calculate the greatest common divisor of 384156 and 138.
6
What is the highest common factor of 32627 and 35518?
413
What is the highest common divisor of 776870075 and 30